. Let r be d(a). Suppose -h + 2*h = 3*u + 1042, 4*u - r = -3*h. Is h composite?
True
Suppose 0 = p - 88*c + 92*c + 37288, -c = 4*p + 149212. Let d = p + 53031. Is d a prime number?
True
Suppose v - 35 = 5*j, -v - 3*v = 5*j - 65. Is 2/v - (-1291815)/350 prime?
True
Let z(r) = -815*r - 1619. Is z(-116) a composite number?
False
Suppose -2*n = 0, 3 = m + 11*n - 6*n. Suppose m*t - 12 = 0, r = 3*r + 2*t - 24. Suppose 12109 = r*b - 9259. Is b prime?
True
Let d(l) be the third derivative of 0*l + 17/60*l**5 + 2/3*l**3 + 0 - 1/12*l**4 + 39*l**2. Is d(5) prime?
True
Is (-1 - 5)/(35/((-4973045)/(-568326)) + -4) prime?
False
Let c(y) = -5*y**2 + 86*y - 22. Let o(u) = 6*u**2 - 87*u + 24. Let n(f) = 5*c(f) + 4*o(f). Is n(35) composite?
True
Suppose 206743 = 3*i + 4*t, 1946*i - 275624 = 1942*i + 3*t. Is i a composite number?
False
Let h(a) = -10406*a + 125. Is h(-11) a prime number?
False
Suppose -1293 = -3*w + n, 5*n - 1287 = -3*w + 4*n. Suppose v = 6*h - 2*h + 86, 5*v - w = 4*h. Is v prime?
False
Suppose -36*s + 4 = -34*s, 0 = 3*q - 5*s - 784163. Is q composite?
True
Suppose 3*u = 2*w + 18, u + w - 4*w - 13 = 0. Let i be 16/(-56) - 23/(-7). Suppose 4*k - 292 = -v, i*k - 319 = u*v - 81. Is k a prime number?
False
Let x be ((-30)/(-4))/(48/32). Suppose -18*r + x*r = -61165. Is r a composite number?
True
Suppose -5*m + 41 = -2*u, -3*m - 2*u - 2*u + 9 = 0. Suppose -2*g - 4*h = -m*h - 13, h - 3 = 0. Let j = g + 10. Is j composite?
True
Let j = 105 + -104. Let p be (0 - (6 - j))/(7/(-5131)). Suppose -12*b - p = -17*b. Is b prime?
True
Suppose -102 = -9*m - 264. Is (-3803 + 1)/(-20 - m) composite?
False
Suppose -183004 = -5*c + 148*w - 149*w, -2*w - 109805 = -3*c. Is c a composite number?
True
Let n = 47 - 43. Suppose -3*z + z - 3*f = -3001, 4*z + 4*f - 6004 = 0. Suppose 0 = 2*j + n*d - z, -2*d + 450 = -3*j + 2711. Is j a composite number?
True
Suppose -2*p = -12*p - 100. Let u = -8 - p. Is ((-15)/9)/(u/(-1266)) a prime number?
False
Let w = -251 + 251. Suppose -4*z + 4*o + 10336 = w, 8*z - 6*z - 3*o - 5173 = 0. Is z a prime number?
True
Let z(i) = -i**3 - 6*i**2 - 6*i - 8. Let n be z(-7). Suppose -2*c - 109 - n = 4*h, h + 51 = c. Is ((-38)/4)/(h/(-14) + -4) prime?
True
Let q = 2082 - 1377. Let h = -65 - -64. Is q/12 + h/(-4) a composite number?
False
Suppose 5*l - 2*f - 27941 = 0, 4*f - 5575 = -3*l + 2*l. Let y = l - -5470. Is y a prime number?
True
Suppose 26*t + 1653284 = 3896746. Is t a prime number?
True
Is -3*5/12*-98836 composite?
True
Suppose 12*f = 244114 + 208010. Suppose -95*v = -76*v - f. Is v composite?
True
Let z be 32/40 + (64/(-10))/(-2). Let f(c) = -c**3 + 4*c**2 + 3*c + 3. Let v be f(-8). Suppose v + 425 = z*q. Is q composite?
False
Suppose -3 = -y, -2*c + 2*y - 32339 + 197895 = 0. Is c a composite number?
False
Let w = -5635 + 6767. Let v be 1680 - -2 - -1*1. Let o = v - w. Is o a prime number?
False
Let f(b) = -b**3 + 35*b**2 + 54*b + 11. Let t(p) = p + 49. Let l be t(-14). Is f(l) prime?
True
Suppose 5619060 + 18041321 = 135*u - 6846514. Is u prime?
True
Let k be -5826*(-3)/(11 - 5)*-1. Let u = 5086 + k. Is u prime?
False
Let x = 1143174 - 260716. Is x a composite number?
True
Suppose -3*k - 2083 = w, -2*w + k - 4190 = -k. Let c = -782 - w. Let v = c - 821. Is v a prime number?
False
Let y(q) be the second derivative of 407*q**5/20 + q**4/12 + q**3/6 - q**2/2 + 3*q + 8. Is y(2) composite?
True
Let l(p) = 30*p**2 + 78*p + 13. Let v be l(12). Let m = v + -2748. Is m a prime number?
True
Suppose 44*s = 11*s - 517 - 275. Let k(c) = -8*c + 1. Let y be k(-3). Let x = y - s. Is x prime?
False
Suppose -2*x - 13*f = -17*f - 305998, 458997 = 3*x + 2*f. Suppose -29*d + x = -22*d. Is d composite?
True
Let t be ((-4)/6*1)/(106/(-2703)). Suppose -3*w = i - 15, -2*i + 17 = 4*w - t. Suppose 2*l - i = 953. Is l a composite number?
False
Let v = 40 + -38. Suppose 10 = v*y + 3*y. Suppose -4*q = -2*q - h - 414, y*q - 4*h - 426 = 0. Is q a composite number?
True
Let k(u) = u**3 + 7*u**2 + 9*u. Let g be k(-5). Suppose -4*q + 44 = 2*y + y, y + g*q - 33 = 0. Let f(i) = 3*i**2 - 12*i + 1. Is f(y) a composite number?
False
Is (194/14)/(199/59899) a composite number?
True
Let x be ((-6)/7)/(119/(-49) - -2). Suppose -3*g = -x*m - 25249, -3*m + 13593 + 3218 = 2*g. Is g a composite number?
True
Let r(u) = -150*u**2 + 12. Let p be r(-5). Is (-4 + 7 + -4)*(p - -1) a prime number?
False
Is (28/12 + -3)/((-2)/3600183) a composite number?
False
Suppose 12*s + 416757 = 15*s - 644664. Is s a composite number?
False
Let h be 183/(0 - 12/(-8)). Suppose 2*u - f + 48 = 472, 3*u - 647 = -4*f. Let o = h + u. Is o a prime number?
False
Let m be 18/4*24/8*-894. Let n = m - -20968. Is n a prime number?
False
Suppose 9*k - 27 = -0*k. Is (k - 5) + (-4971)/(-1) composite?
False
Let d(n) = 188*n + 59. Let x = -17 - -23. Is d(x) a composite number?
False
Let p be (-4)/(-6) + 2104*91/156. Suppose -3021 = -5*b + 934. Suppose -b = -3*c + p. Is c a prime number?
True
Suppose -n = -5*o - 43, 0 = -0*n - 4*n - 5*o + 72. Suppose 58076 + 1011 = n*f. Is f a composite number?
True
Let g be 32/(-176) - ((-93)/(-33) + 0). Is g*(3 - (-6 - (-57684)/18)) prime?
True
Let b be (-3 - 48/(-15))*0. Suppose b = -16*a + a + 167655. Is a a prime number?
True
Let h(a) = -3470*a - 287. Is h(-8) a composite number?
True
Suppose -4*v + 10 = -38. Suppose 3*u + u = -v. Let r(t) = -14*t + 7. Is r(u) a prime number?
False
Let u(l) = l**2 + 3*l + 5. Let a be u(-2). Suppose n - 12 = -4*g, -a*n = 4*g + 2*n - 12. Suppose -g*j + 715 + 956 = 0. Is j a composite number?
False
Let t(d) be the third derivative of 19*d**6/120 - 13*d**4/24 + 17*d**3/6 + 47*d**2. Is t(7) a prime number?
False
Suppose 4*g + 0*i = i - 854, 2*i + 422 = -2*g. Let w be 2/8 - g/(-4). Let b = -34 - w. Is b composite?
False
Let l = 58 + -53. Suppose -l - 5 = -5*m, -3*m + 6426 = -2*a. Let r = a - -5389. Is r a prime number?
True
Let v(y) = 2*y**2 + 14*y - 161. Is v(-27) a composite number?
False
Let z = 310 - 304. Is -2 + z + (5 - 111488)/(-9) a prime number?
True
Is (-2306803)/(-186) + 7 + ((-1)/6 - 0) composite?
False
Let t = -282124 - -453301. Is t prime?
False
Let y = 27 + -21. Let g(o) = 6 + 5 - y - o + 2*o**2 - o**2. Is g(-5) prime?
False
Let v = -654 - -683. Suppose v*s - 53790 = -s. Is s a prime number?
False
Let w be (33 + -30)*(1 - (1 + -1)). Suppose -w*o - 6231 = -4*h - 2*o, -o = -2*h + 3117. Let b = -1078 + h. Is b a composite number?
False
Is (113 + -110)/((-9)/(-128433)) a prime number?
False
Suppose 56*p - 61*p + 327477 = 3*k, 3*k + 3*p = 327471. Is k composite?
True
Let q = 6348 + 78483. Is q a prime number?
False
Let u = 71426 + -12607. Is u a prime number?
False
Is (3433056/(-1408))/(6/(-184)) prime?
False
Let a(x) = x**2 - x - 1. Let h be a(-2). Suppose g = 6*g + 2*u - 66, h*g - u = 57. Is (452/6)/(8/g) a composite number?
False
Let b(l) = 158*l - 12. Let o be b(-3). Let i = o + 1400. Suppose -i = -13*g - 43. Is g a composite number?
False
Suppose -5*c + 5*u = -99657 - 139263, -3*c + 143359 = -4*u. Is c prime?
True
Let t = 473364 + -249317. Is t composite?
False
Suppose 41 - 13 = 7*l. Suppose -2*s + 2*q = -9668, q + q = l*s - 19326. Is s a prime number?
False
Let l(x) = 330*x**2 + 3*x - 6. Let j be l(2). Is 0 + 5 + -6 + j composite?
False
Let u = 24543 + 55478. Is u composite?
False
Suppose -167463 = -2*j - 2*j - 5*q, 0 = j + q - 41866. Is j a composite number?
True
Let q = -790 + 1334. Suppose -z - q = 3*z. Let x = 165 - z. Is x prime?
False
Let f(z) = -74*z**2 + 4*z - 5. Let g be f(5). Let v be ((-1105047)/796)/(3/(-8)). Let k = g + v. Is k composite?
False
Suppose 1590622 = 4*f + 2*q, 2*f + 1331*q = 1335*q + 795306. Is f prime?
False
Let w(j) = -4*j + 17. Let v be w(-5). Let y = v + -12. Is 894/(-5)*y/30*-3 a prime number?
False
Let d = 19 - 16. Let b(f) = 128*f**2 + 0 - 3*f + 5 - d + 0. Is b(1) composite?
False
Suppose 0 = -22*o - 312*o + 192129460 + 107280498. Is o a composite number?
True
Let m(k) = k**3 - 3*k**2 - 7*k + 11. Let o be m(4). Is (o - -2) + 1518 + (-5 - -9) a composite number?
False
Let v be (21065/(-44))/((-4)/(-110 - 2)). Let y = v - -20438. Is y prime?
False
Let t = 320440 - -42751. Is t a composite number?
True
Let w = 89134 + -43773. Is w a composite number?
False
Is ((-12)/(-20))/(162/298183410) composite?
True
